when 1240620 is divided by 11.
7
Calculate the remainder when 2464725 is divided by 229.
227
Calculate the remainder when 234411 is divided by 117204.
3
Calculate the remainder when 13930 is divided by 54.
52
Calculate the remainder when 96831 is divided by 59.
12
What is the remainder when 70243 is divided by 2265?
28
What is the remainder when 26239 is divided by 8739?
22
What is the remainder when 49978 is divided by 12287?
830
What is the remainder when 7467 is divided by 7432?
35
What is the remainder when 3036 is divided by 45?
21
Calculate the remainder when 248828 is divided by 450.
428
Calculate the remainder when 5111 is divided by 339.
26
What is the remainder when 1008079 is divided by 84?
79
What is the remainder when 78408 is divided by 19602?
0
What is the remainder when 4744527 is divided by 35?
32
Calculate the remainder when 3306 is divided by 194.
8
Calculate the remainder when 24361 is divided by 238.
85
Calculate the remainder when 993 is divided by 693.
300
What is the remainder when 6633 is divided by 200?
33
Calculate the remainder when 3120 is divided by 165.
150
Calculate the remainder when 16722 is divided by 90.
72
What is the remainder when 827 is divided by 483?
344
Calculate the remainder when 11204 is divided by 89.
79
What is the remainder when 1101371 is divided by 247?
245
What is the remainder when 11460 is divided by 2715?
600
What is the remainder when 36055 is divided by 6008?
7
Calculate the remainder when 5552 is divided by 53.
40
What is the remainder when 20646 is divided by 58?
56
What is the remainder when 9514 is divided by 10?
4
Calculate the remainder when 1603803 is divided by 733.
732
What is the remainder when 2726 is divided by 21?
17
Calculate the remainder when 502 is divided by 168.
166
What is the remainder when 167775 is divided by 78?
75
What is the remainder when 68867 is divided by 387?
368
Calculate the remainder when 50829 is divided by 371.
2
What is the remainder when 8361 is divided by 4180?
1
What is the remainder when 178674 is divided by 59556?
6
What is the remainder when 5412 is divided by 1803?
3
What is the remainder when 1800 is divided by 1791?
9
Calculate the remainder when 22234 is divided by 11114.
6
Calculate the remainder when 3831080 is divided by 13.
6
What is the remainder when 2170 is divided by 359?
16
Calculate the remainder when 41179 is divided by 38.
25
Calculate the remainder when 35300 is divided by 115.
110
What is the remainder when 7335 is divided by 1211?
69
What is the remainder when 1673 is divided by 65?
48
Calculate the remainder when 35844 is divided by 106.
16
What is the remainder when 89914 is divided by 17976?
34
Calculate the remainder when 16889 is divided by 107.
90
What is the remainder when 11066 is divided by 2211?
11
What is the remainder when 395607 is divided by 1150?
7
Calculate the remainder when 4115 is divided by 229.
222
Calculate the remainder when 4042 is divided by 738.
352
What is the remainder when 4325 is divided by 571?
328
What is the remainder when 153747 is divided by 266?
265
Calculate the remainder when 64465 is divided by 142.
139
Calculate the remainder when 4713 is divided by 122.
77
What is the remainder when 4535 is divided by 1476?
107
What is the remainder when 15036 is divided by 15032?
4
What is the remainder when 4437 is divided by 149?
116
Calculate the remainder when 23146 is divided by 25.
21
What is the remainder when 716359 is divided by 42138?
13
Calculate the remainder when 3152 is divided by 288.
272
What is the remainder when 4020 is divided by 34?
8
Calculate the remainder when 6051 is divided by 1196.
71
Calculate the remainder when 98541 is divided by 12306.
93
Calculate the remainder when 6368821 is divided by 77.
74
What is the remainder when 278322 is divided by 613?
20
What is the remainder when 66687 is divided by 1905?
12
What is the remainder when 28609 is divided by 292?
285
Calculate the remainder when 656 is divided by 118.
66
Calculate the remainder when 661 is divided by 309.
43
What is the remainder when 5933 is divided by 464?
365
What is the remainder when 58172 is divided by 1236?
80
Calculate the remainder when 16425 is divided by 208.
201
What is the remainder when 145871 is divided by 84?
47
What is the remainder when 241715 is divided by 60425?
15
What is the remainder when 8935 is divided by 572?
355
What is the remainder when 3223 is divided by 165?
88
What is the remainder when 29102 is divided by 86?
34
Calculate the remainder when 149417 is divided by 241.
238
What is the remainder when 283022 is divided by 445?
2
Calculate the remainder when 399410 is divided by 325.
310
Calculate the remainder when 40299 is divided by 4029.
9
What is the remainder when 620129 is divided by 210?
209
Calculate the remainder when 178973 is divided by 224.
221
Calculate the remainder when 13356 is divided by 6225.
906
Calculate the remainder when 3861 is divided by 12.
9
What is the remainder when 89881 is divided by 27?
25
What is the remainder when 1318340 is divided by 1870?
1860
Calculate the remainder when 308414 is divided by 632.
630
Calculate the remainder when 3550 is divided by 83.
64
Calculate the remainder when 49979 is divided by 117.
20
What is the remainder when 21451 is divided by 173?
172
Calculate the remainder when 48106 is divided by 252.
226
Calculate the remainder when 901852 is divided by 225458.
20
Calculate the remainder when 4540 is divided by 949.
744
Calculate the remainder when 423839 is divided by 84761.
34
Calculate the remainder when 104847 is divided by 18.
15
What is the remainder when 35620 is divided by 32?
4
What is the remainder when 2632 is divided by 2627?
5
What is the remainder when 362877 is divided by 21?
18
Calculate the remainder when 1011605 is divided by 33720.
5
Calculate the remainder when 132283 is divided by 14697.
10
What is the remainder when 103398 is divided by 40?
38
Calculate the remainder when 3203 is divided by 3179.
24
Calculate the remainder when 52124 is divided by 12.
8
What is the remainder when 303803 is divided by 78?
71
What is the remainder when 17902 is divided by 8918?
66
What is the remainder when 4043 is divided by 459?
371
Calculate the remainder when 74059 is divided by 117.
115
Calculate the remainder when 109855 is divided by 19.
16
Calculate the remainder when 18395 is divided by 27.
8
Calculate the remainder when 1848 is divided by 149.
60
Calculate the remainder when 18079 is divided by 156.
139
What is the remainder when 1239 is divided by 697?
542
Calculate the remainder when 647 is divided by 610.
37
What is the remainder when 2818 is divided by 2792?
26
Calculate the remainder when 71334 is divided by 427.
25
Calculate the remainder when 73747 is divided by 505.
17
What is the remainder when 2068 is divided by 2010?
58
Calculate the remainder when 457008 is divided by 79.
72
What is the remainder when 24878 is divided by 208?
126
Calculate the remainder when 20384 is divided by 6611.
551
What is the remainder when 270 is divided by 86?
12
What is the remainder when 32938 is divided by 90?
88
Calculate the remainder when 5172 is divided by 1711.
39
Calculate the remainder when 216542 is divided by 1203.
2
What is the remainder when 4238205 is divided by 128?
125
Calculate the remainder when 234213 is divided by 480.
453
What is the remainder when 201243 is divided by 336?
315
What is the remainder when 11164 is divided by 447?
436
Calculate the remainder when 225187 is divided by 141.
10
What is the remainder when 1034 is divided by 16?
10
Calculate the remainder when 351087 is divided by 1245.
1242
Calculate the remainder when 101726 is divided by 101721.
5
What is the remainder when 243275 is divided by 86?
67
What is the remainder when 112602 is divided by 291?
276
Calculate the remainder when 3515235 is divided by 431.
430
What is the remainder when 13135 is divided by 80?
15
Calculate the remainder when 610801 is divided by 610791.
10
What is the remainder when 4189 is divided by 1226?
511
What is the remainder when 8183 is divided by 4075?
33
What is the remainder when 579033 is divided by 376?
369
Calculate the remainder when 2875 is divided by 25.
0
Calculate the remainder when 1502199 is divide